s divided by 3797.
3791
Calculate the remainder when 11317414 is divided by 139.
34
Calculate the remainder when 162954 is divided by 13548.
378
What is the remainder when 435560 is divided by 31111?
6
What is the remainder when 30018 is divided by 2162?
1912
What is the remainder when 190295 is divided by 9055?
140
Calculate the remainder when 7635453 is divided by 38.
37
Calculate the remainder when 10303 is divided by 3234.
601
Calculate the remainder when 1525004 is divided by 39094.
338
Calculate the remainder when 12277401 is divided by 27283.
51
Calculate the remainder when 1705142 is divided by 568206.
524
Calculate the remainder when 8069 is divided by 346.
111
Calculate the remainder when 1823199 is divided by 2210.
2159
What is the remainder when 10998269 is divided by 261?
251
Calculate the remainder when 5068123 is divided by 262.
257
What is the remainder when 392886 is divided by 1646?
1138
Calculate the remainder when 56091080 is divided by 12.
8
What is the remainder when 694913 is divided by 347421?
71
What is the remainder when 4051091 is divided by 527?
42
What is the remainder when 13370204 is divided by 13370203?
1
What is the remainder when 2676261 is divided by 189?
21
Calculate the remainder when 4891611 is divided by 100.
11
Calculate the remainder when 1031217 is divided by 2201.
1149
Calculate the remainder when 847686919 is divided by 178.
11
Calculate the remainder when 42511823 is divided by 1863.
26
Calculate the remainder when 2683466 is divided by 193.
187
Calculate the remainder when 160331338 is divided by 15.
13
Calculate the remainder when 24813777 is divided by 60.
57
Calculate the remainder when 175660 is divided by 173358.
2302
Calculate the remainder when 13392408 is divided by 27.
3
What is the remainder when 291410 is divided by 36422?
34
What is the remainder when 214681 is divided by 374?
5
What is the remainder when 68429 is divided by 33722?
985
What is the remainder when 657448733 is divided by 28?
25
What is the remainder when 6377 is divided by 6367?
10
What is the remainder when 29199220 is divided by 941908?
72
What is the remainder when 31857 is divided by 160?
17
What is the remainder when 139874 is divided by 771?
323
Calculate the remainder when 15288502 is divided by 6.
4
Calculate the remainder when 90531 is divided by 5655.
51
What is the remainder when 373990 is divided by 9064?
2366
What is the remainder when 683858 is divided by 3757?
84
What is the remainder when 444491 is divided by 445?
381
What is the remainder when 7291723 is divided by 193?
183
Calculate the remainder when 651173578 is divided by 167.
164
Calculate the remainder when 381037446 is divided by 172.
170
What is the remainder when 1125517 is divided by 80?
77
Calculate the remainder when 7822119 is divided by 382.
287
What is the remainder when 88324795 is divided by 3018?
7
What is the remainder when 43138261 is divided by 38108?
5
What is the remainder when 64424 is divided by 10435?
1814
Calculate the remainder when 561568 is divided by 1237.
1207
Calculate the remainder when 4402847 is divided by 94.
75
What is the remainder when 2740732 is divided by 731?
213
What is the remainder when 49162 is divided by 49109?
53
Calculate the remainder when 1283383 is divided by 4701.
10
What is the remainder when 12608 is divided by 503?
33
What is the remainder when 4344 is divided by 2051?
242
What is the remainder when 1411910 is divided by 10528?
1158
What is the remainder when 1460674 is divided by 730316?
42
Calculate the remainder when 19436183 is divided by 4805.
4763
Calculate the remainder when 820886 is divided by 205208.
54
Calculate the remainder when 72758755 is divided by 3652.
3611
Calculate the remainder when 57226759 is divided by 43.
37
What is the remainder when 1631105 is divided by 60?
5
What is the remainder when 447338 is divided by 44730?
38
Calculate the remainder when 132952 is divided by 2855.
1622
Calculate the remainder when 10517706 is divided by 2629380.
186
What is the remainder when 5665365 is divided by 121?
24
Calculate the remainder when 7057210 is divided by 622.
620
What is the remainder when 9252521 is divided by 420568?
25
What is the remainder when 1018282 is divided by 1459?
1359
Calculate the remainder when 1333536 is divided by 191.
165
What is the remainder when 1987080 is divided by 106?
4
What is the remainder when 24506859 is divided by 829?
790
Calculate the remainder when 2930000 is divided by 68.
16
Calculate the remainder when 621633 is divided by 932.
921
Calculate the remainder when 6376 is divided by 2588.
1200
What is the remainder when 654075 is divided by 285?
0
What is the remainder when 188416416 is divided by 91?
6
Calculate the remainder when 156262682 is divided by 15.
2
What is the remainder when 376776001 is divided by 830?
821
What is the remainder when 9956392 is divided by 47?
6
What is the remainder when 51460449 is divided by 106?
99
What is the remainder when 72071 is divided by 71997?
74
Calculate the remainder when 4917721 is divided by 23.
22
Calculate the remainder when 30721 is divided by 30374.
347
Calculate the remainder when 89592457 is divided by 82.
77
Calculate the remainder when 2986793 is divided by 927.
926
Calculate the remainder when 756011 is divided by 377285.
1441
Calculate the remainder when 10443463 is divided by 1289.
1274
What is the remainder when 160744670 is divided by 16?
14
Calculate the remainder when 787917245 is divided by 647.
645
Calculate the remainder when 1141588 is divided by 135.
28
Calculate the remainder when 22826 is divided by 11391.
44
What is the remainder when 279660 is divided by 1662?
444
What is the remainder when 1639865 is divided by 7?
3
What is the remainder when 418607 is divided by 139507?
86
Calculate the remainder when 10950997 is divided by 37.
33
What is the remainder when 83774 is divided by 3634?
192
What is the remainder when 6779806 is divided by 59?
57
Calculate the remainder when 195279 is divided by 312.
279
Calculate the remainder when 23573277 is divided by 8.
5
Calculate the remainder when 6208585 is divided by 279.
277
Calculate the remainder when 33919 is divided by 8420.
239
What is the remainder when 824987 is divided by 835?
7
What is the remainder when 26979761 is divided by 4?
1
What is the remainder when 84467 is divided by 66?
53
What is the remainder when 249113 is divided by 19160?
33
Calculate the remainder when 239415 is divided by 5312.
375
What is the remainder when 579883 is divided by 124?
59
Calculate the remainder when 166957 is divided by 27806.
121
What is the remainder when 119954 is divided by 5993?
94
What is the remainder when 130016 is divided by 5183?
441
Calculate the remainder when 6449656 is divided by 115.
111
What is the remainder when 30071785 is divided by 4768?
9
Calculate the remainder when 18733604 is divided by 227.
202
What is the remainder when 6548262 is divided by 311819?
63
What is the remainder when 105297 is divided by 60?
57
What is the remainder when 32416 is divided by 5372?
184
Calculate the remainder when 5204 is divided by 692.
360
What is the remainder when 35396 is divided by 2113?
1588
Calculate the remainder when 582247 is divided by 95.
87
Calculate the remainder when 32061 is divided by 31951.
110
What is the remainder when 16003 is divided by 303?
247
Calculate the remainder when 165017 is divided by 82494.
29
Calculate the remainder when 64455414 is divided by 507.
504
Calculate the remainder when 4768742 is divided by 10789.
4
What is the remainder when 10578313 is divided by 196?
193
Calculate the remainder when 1195760 is divided by 2567.
2105
What is the remainder when 2534222 is divided by 64980?
2
Calculate the remainder when 11186706 is divided by 19.
0
What is the remainder when 6325053 is divided by 36561?
0
Calculate the remainder when 37410 is divided by 94.
92
What is the remainder when 7413079 is divided by 8?
7
What is the remainder when 18292710 is divided by 1964?
14
Calculate the remainder when 13003386 is divided by 107.
104
Calculate the remainder when 62602944 is divided by 149.
147
What is the remainder when 2674249 is divided by 1437?
1429
Calculate the remainder when 83030 is divided by 2026.
1990
C